ded by 32.
30
Calculate the remainder when 2580 is divided by 235.
230
What is the remainder when 97 is divided by 73?
24
What is the remainder when 111 is divided by 31?
18
Calculate the remainder when 93 is divided by 8.
5
What is the remainder when 2481 is divided by 36?
33
Calculate the remainder when 5751 is divided by 169.
5
Calculate the remainder when 361 is divided by 89.
5
Calculate the remainder when 4988 is divided by 7.
4
Calculate the remainder when 422 is divided by 71.
67
What is the remainder when 204 is divided by 54?
42
Calculate the remainder when 20829 is divided by 124.
121
What is the remainder when 1009 is divided by 415?
179
What is the remainder when 45 is divided by 1?
0
Calculate the remainder when 4111 is divided by 257.
256
Calculate the remainder when 1524 is divided by 14.
12
What is the remainder when 93 is divided by 25?
18
What is the remainder when 20 is divided by 11?
9
What is the remainder when 12 is divided by 11?
1
Calculate the remainder when 1146 is divided by 12.
6
Calculate the remainder when 43 is divided by 15.
13
Calculate the remainder when 2214 is divided by 48.
6
Calculate the remainder when 276 is divided by 32.
20
Calculate the remainder when 658 is divided by 243.
172
Calculate the remainder when 3576 is divided by 73.
72
Calculate the remainder when 412 is divided by 126.
34
What is the remainder when 208 is divided by 18?
10
What is the remainder when 192 is divided by 90?
12
Calculate the remainder when 25889 is divided by 10.
9
Calculate the remainder when 163 is divided by 15.
13
Calculate the remainder when 368 is divided by 120.
8
What is the remainder when 242 is divided by 236?
6
What is the remainder when 66555 is divided by 28?
27
Calculate the remainder when 77 is divided by 25.
2
Calculate the remainder when 470 is divided by 43.
40
What is the remainder when 35767 is divided by 49?
46
Calculate the remainder when 114 is divided by 4.
2
What is the remainder when 583 is divided by 198?
187
What is the remainder when 38 is divided by 25?
13
What is the remainder when 248 is divided by 25?
23
Calculate the remainder when 1848 is divided by 134.
106
What is the remainder when 53 is divided by 24?
5
What is the remainder when 117 is divided by 35?
12
Calculate the remainder when 291 is divided by 7.
4
What is the remainder when 264 is divided by 39?
30
Calculate the remainder when 230 is divided by 58.
56
Calculate the remainder when 2784 is divided by 55.
34
Calculate the remainder when 525 is divided by 81.
39
What is the remainder when 1355 is divided by 338?
3
Calculate the remainder when 108 is divided by 58.
50
Calculate the remainder when 106 is divided by 2.
0
Calculate the remainder when 127 is divided by 29.
11
Calculate the remainder when 1828 is divided by 122.
120
What is the remainder when 167 is divided by 10?
7
What is the remainder when 2418 is divided by 271?
250
What is the remainder when 20 is divided by 12?
8
Calculate the remainder when 8834 is divided by 170.
164
Calculate the remainder when 60 is divided by 38.
22
What is the remainder when 15130 is divided by 13?
11
Calculate the remainder when 84 is divided by 32.
20
Calculate the remainder when 395 is divided by 18.
17
What is the remainder when 249 is divided by 32?
25
What is the remainder when 320 is divided by 36?
32
Calculate the remainder when 416 is divided by 46.
2
Calculate the remainder when 579 is divided by 99.
84
What is the remainder when 1512 is divided by 46?
40
Calculate the remainder when 888 is divided by 100.
88
What is the remainder when 40 is divided by 38?
2
What is the remainder when 18 is divided by 5?
3
Calculate the remainder when 144 is divided by 68.
8
What is the remainder when 643 is divided by 38?
35
Calculate the remainder when 192 is divided by 18.
12
What is the remainder when 2953 is divided by 15?
13
What is the remainder when 10515 is divided by 157?
153
Calculate the remainder when 39 is divided by 11.
6
What is the remainder when 148 is divided by 9?
4
What is the remainder when 186 is divided by 64?
58
What is the remainder when 3046 is divided by 1011?
13
Calculate the remainder when 1781 is divided by 46.
33
Calculate the remainder when 571 is divided by 138.
19
What is the remainder when 225 is divided by 121?
104
Calculate the remainder when 131 is divided by 15.
11
What is the remainder when 264 is divided by 27?
21
Calculate the remainder when 82 is divided by 22.
16
What is the remainder when 99 is divided by 38?
23
What is the remainder when 33 is divided by 14?
5
Calculate the remainder when 924 is divided by 357.
210
Calculate the remainder when 275 is divided by 264.
11
Calculate the remainder when 33 is divided by 13.
7
What is the remainder when 587 is divided by 55?
37
What is the remainder when 137 is divided by 46?
45
What is the remainder when 67 is divided by 38?
29
What is the remainder when 685 is divided by 43?
40
What is the remainder when 838 is divided by 122?
106
What is the remainder when 258 is divided by 13?
11
Calculate the remainder when 207 is divided by 14.
11
What is the remainder when 327 is divided by 5?
2
What is the remainder when 862 is divided by 38?
26
Calculate the remainder when 127 is divided by 16.
15
Calculate the remainder when 72 is divided by 37.
35
What is the remainder when 319 is divided by 54?
49
Calculate the remainder when 1647 is divided by 75.
72
Calculate the remainder when 329 is divided by 299.
30
What is the remainder when 438 is divided by 63?
60
Calculate the remainder when 130 is divided by 34.
28
What is the remainder when 1092 is divided by 15?
12
What is the remainder when 2033 is divided by 288?
17
What is the remainder when 391 is divided by 54?
13
Calculate the remainder when 458 is divided by 21.
17
Calculate the remainder when 489 is divided by 58.
25
Calculate the remainder when 1198 is divided by 40.
38
Calculate the remainder when 233 is divided by 13.
12
What is the remainder when 426 is divided by 198?
30
Calculate the remainder when 1105 is divided by 181.
19
What is the remainder when 8669 is divided by 271?
268
What is the remainder when 141 is divided by 30?
21
Calculate the remainder when 1177 is divided by 15.
7
What is the remainder when 773 is divided by 228?
89
Calculate the remainder when 7933 is divided by 378.
373
What is the remainder when 493 is divided by 55?
53
Calculate the remainder when 56 is divided by 14.
0
What is the remainder when 5534 is divided by 71?
67
Calculate the remainder when 228 is divided by 13.
7
Calculate the remainder when 549 is divided by 54.
9
What is the remainder when 1821 is divided by 75?
21
Calculate the remainder when 10031 is divided by 209.
208
What is the remainder when 312 is divided by 35?
32
What is the remainder when 7431 is divided by 14?
11
Calculate the remainder when 346 is divided by 14.
10
Calculate the remainder when 322 is divided by 86.
64
Calculate the remainder when 125 is divided by 26.
21
Calculate the remainder when 10957 is divided by 20.
17
Calculate the remainder when 273 is divided by 149.
124
Calculate the remainder when 98 is divided by 54.
44
Calculate the remainder when 8929 is divided by 13.
11
What is the remainder when 2412 is divided by 105?
102
Calculate the remainder when 41 is divided by 26.
15
Calculate the remainder when 2189 is divided by 16.
13
What is the remainder when 315 is divided by 290?
25
What is the remainder when 1028 is divided by 339?
11
What is the remainder when 972 is divided by 207?
144
What is the remainder when 4356 is divided by 46?
32
Calculate the remainder when 588 is divided by 118.
116
What is the remainder when 444 is divided by 25?
19
Calculate the remainder when 7434 is divided by 26.
24
Calculate the remainder when 1474 is divided by 289.
29
What is the remainder when 711 is divided by 144?
135
What is the remainder when 152 is divided by 17?
16
Calculate the remainder when 233 is divided by 78.
77
What is the remainder when 947 is divided by 34?
29
What is the remainder when 4118 is divided by 19?
14
What is the remainder when 492 is divided by 102?
84
Calculate the remainder when 1282 is divided by 13.
8
What is the remainder when 383 is divided by 71?
28
Calculate the r